vided by 59?
51
Suppose -8 + 20 = -3*h. Let q(o) = o**3 + 4*o**2 + 6*o. Let b be q(h). Let d = 27 - b. Calculate the remainder when d is divided by 18.
15
Suppose -378 = -2*o + 4*d, -3*d - 378 = -o - o. What is the remainder when o is divided by 14?
7
Let h(u) = -49*u - 8. What is the remainder when h(-7) is divided by 42?
41
Let x = -65 - -92. Let d(g) = 7*g**3 - g**2 + 2*g - 1. Let w be (-9)/(-6) + 2/(-4). Calculate the remainder when x is divided by d(w).
6
Suppose 31 + 1129 = 5*w. Suppose -w = 22*g - 26*g. Suppose 0 = i - 4*i + 5*o + 110, 2*i - 3*o = 72. Calculate the remainder when g is divided by i.
28
Calculate the remainder when 28/(-70) + -3 + 4360/25 is divided by 85.
1
Suppose -33 = -n + 4*l, 8*l - 5*l - 54 = -n. Suppose -3*i + 4*r + 291 = r, 5*i - 515 = -5*r. Let u = i - n. What is the remainder when u is divided by 14?
13
Suppose 9*s - 4*s + 94 = 3*n, -s - 14 = -3*n. Suppose 4*k - 238 = 30. Let g = k + s. Calculate the remainder when g is divided by 16.
15
Suppose 0*i = -2*i + 48. Suppose -j - 30 = 2*n + 3*n, -j = -4*n - 6. Let u(c) = -13*c - 12. Calculate the remainder when u(j) is divided by i.
22
Suppose -9 - 7 = -4*b. Let u(l) = -l**3 + 4*l**2 + 3. Let q be u(b). Suppose 2*d = -q*d + 40. Calculate the remainder when 14 is divided by d.
6
Suppose -2*t + 12 = -0*t. Suppose -3*i - 14 = a + i, -t = -a + i. Let s(q) = 5*q**3 - 2*q + 2. Calculate the remainder when s(a) is divided by 13.
12
Let f be 0 - (-8)/44 - (-53)/11. What is the remainder when 56 is divided by -1 + f/(-5) - -23?
14
Let w be 4/(-10) - (-44)/10. Suppose 0 = 3*j + 2*b - 223, -5*b = -w*j - 0*b + 305. Suppose 4*h - 25 = j. Calculate the remainder when 97 is divided by h.
22
Let k be 117/(-26)*(-4)/(-3). Let f(o) = o**3 + 8*o**2 + 15*o + 2. Let q be f(k). Let b(y) = y**2 + 16*y + 2. Calculate the remainder when 3 is divided by b(q).
1
Suppose n = -t + 4*t - 456, 3*t - 456 = -5*n. Calculate the remainder when t is divided by 79.
73
Let s = 235 - 219. Calculate the remainder when 22 is divided by s.
6
Let t = 137 - -128. Let u = 324 - 145. Let p = t - u. Calculate the remainder when p is divided by 22.
20
Let q(v) = 4*v. Let p be (8/(-1))/((-8)/4). Calculate the remainder when (0 + -1)*-63 - (28 - 26) is divided by q(p).
13
Suppose 3*v = -3*w + 99, -78 = -6*w + 4*w + 4*v. What is the remainder when 71 is divided by w?
1
Let b = -73 + 126. Let h(g) = -g**3 + 5*g**2 - 8*g + 4. Let a be h(5). Let y = -22 - a. What is the remainder when b is divided by y?
11
Let u(k) = 2*k**2 - 4*k + 3. Let x be u(2). Suppose x*d - 161 = -w, d + 0*w + w - 53 = 0. Calculate the remainder when d is divided by 19.
16
Suppose -3*f = -f + 8, -2*s - 46 = f. Suppose -6 + 11 = -5*t, 0 = -3*z - 5*t + 205. Calculate the remainder when z is divided by (-6)/2 + s/(-1).
16
Let q(k) = k**2 - 4*k + 6. Let v = -327 - -333. Calculate the remainder when q(5) is divided by v.
5
Let y(d) = d**2 + 2*d - 475. What is the remainder when y(31) is divided by 22?
20
Suppose -2 = -3*w - 11. Let l(p) = -3*p + 4. Suppose 103*y + 124 = 105*y. What is the remainder when y is divided by l(w)?
10
Suppose 5*x = -83 - 7. Let r(j) = -j**3 + j + 14. Let u be r(0). What is the remainder when u*-4*x/21 is divided by 17?
14
Suppose -5*a = 5*s - 55, 2*s - 3*s = -5*a + 31. Calculate the remainder when 3*((-4)/3)/(-4) is divided by 18/14 - 2/a.
0
Let i(w) = w**2 - 12. Let t be -5 + 5/5 + 9. What is the remainder when 51 is divided by i(t)?
12
Let a(b) = -5*b - 1. Suppose 3*v + 76 - 210 = 5*p, -v + 53 = -2*p. Let d = p - -30. What is the remainder when a(-2) is divided by d?
4
Let y(d) = -d**2 + 12*d + 101. Calculate the remainder when 110 is divided by y(0).
9
Let n(s) = 2*s**2 + 4*s + 4. Let t be n(-6). Let l = 76 - t. Suppose 380 = 4*u + 4*r, -3*r + 380 = u + 3*u. What is the remainder when u is divided by l?
23
Let x be 144/64 - (-2)/(-8). Suppose x*i + 3*u - 64 = 0, 4*i - 7*u + 4*u - 128 = 0. What is the remainder when 121 is divided by i?
25
Let q(y) = -y**3 + 9*y**2 + 9*y - 9. Let p be q(10). Let o = 43 + p. Let i(k) = -2*k**2 - 87*k + 58. What is the remainder when o is divided by i(-44)?
10
Let h(c) = -13*c - 30. Calculate the remainder when h(-3) is divided by 8.
1
Suppose 70 = 19*v - 82. What is the remainder when 14 is divided by v?
6
What is the remainder when 572 is divided by (-153)/(-9) - (-2 + -4)?
20
Let c(j) be the third derivative of -5*j**4/24 - j**3/6 - 5*j**2. Calculate the remainder when c(-3) is divided by ((-4)/(-16) + 1)*4.
4
Suppose -z = -263 - 171. Let v = z - 305. Calculate the remainder when v is divided by 26.
25
What is the remainder when 42 is divided by ((-50)/(-5))/(15/12)?
2
Let y be (-1 - 3/3) + 4. Suppose y*h - 3*g = h + 17, 5*g = -2*h - 21. What is the remainder when ((-8)/12)/(h/(-129)) is divided by 23?
20
What is the remainder when 1402/10 + ((-36)/5 - -7) is divided by 31?
16
Suppose 25 = 19*b - 14*b. Suppose 133 = b*u + 2*u. What is the remainder when 37 is divided by u?
18
Suppose -2*h - 5 = 5. Let d be ((-275)/h + -2)*-1. Let a = -14 - d. What is the remainder when a is divided by 20?
19
Let y(f) = 16*f**3 - f**2 + 6*f + 7. Let w(d) = 16*d**3 - d**2 + 5*d + 6. Let u(s) = -6*w(s) + 5*y(s). What is the remainder when u(-1) is divided by 5?
1
Let a(p) be the third derivative of p**5/60 - 5*p**4/24 - 11*p**3/6 - 19*p**2. Calculate the remainder when a(9) is divided by 14.
11
Let k be 4*1/(-2)*125. What is the remainder when 123 is divided by (-1)/(4 + k/62)?
30
Suppose 2*s + 4*a - 21 = 5*s, -3*a + 12 = -s. Let i(p) = -2*p**3 - 3*p**2 - p + 3. Let j(v) = -2*v - 8. What is the remainder when i(s) is divided by j(-10)?
9
Suppose -1206 = -5*c - 4*h, -3*c - 101 = 3*h - 827. Calculate the remainder when c is divided by 60.
58
Let a(c) = 4*c**2 + 111*c + 19. What is the remainder when a(-30) is divided by 74?
67
Suppose 0 = -0*u + 4*u + 28. Let a = -6 - u. Let h(v) = 30*v**2 + v - 1. Calculate the remainder when h(a) is divided by 8.
6
Let q(k) = 11*k + 517. What is the remainder when 216 is divided by q(-40)?
62
Calculate the remainder when 160 - (-6 + 0) - 0 is divided by 46.
28
Let w = 1310 - 1238. What is the remainder when w is divided by 19?
15
Let c(p) = p - 2. Let x be c(3). Suppose 0 = 5*k - 4*u + 15, -4*u = 3*k - u - 18. Calculate the remainder when (-4)/(-4)*(0 + x) is divided by k.
0
Let c(l) = 173*l - 3. Let x(t) = -86*t + 1. Let f(w) = -4*c(w) - 9*x(w). Suppose 0 = -5*q + 52 + 93. Calculate the remainder when f(1) is divided by q.
27
Suppose -16 = -2*d - 2*l, 0*d + 32 = 3*d + 5*l. What is the remainder when 63 is divided by 5 + d + -4 - -27?
31
Suppose -10*k + 1008 = -4*k. Calculate the remainder when k is divided by 57.
54
Let k(l) = 3*l**2 - 204 + l + 220 - 7*l - 2*l**2. Calculate the remainder when 19 is divided by k(5).
8
Let k(t) = 7*t**2 - 7. Let w(f) = 3 - 7*f - 4*f**2 + 7*f. Let a(z) = -4*k(z) - 9*w(z). Calculate the remainder when 16 is divided by a(-1).
7
Let a = 76 + -56. Calculate the remainder when (8 + (8 - 15))*(-59)/(-1) is divided by a.
19
Suppose -696 = -4*z + 196. What is the remainder when z is divided by 14?
13
Suppose 7*g - 2*n - 50 = 3*g, -10 = g + 4*n. What is the remainder when 33 is divided by g?
3
Let n(w) = 2*w**2 - 9*w - 29. Calculate the remainder when n(7) is divided by 5.
1
Suppose -3*s - 3 = -0*s. Calculate the remainder when 53 is divided by (7 + -12)*(-5 - 2/s).
8
Let j be (-3 - -7)*(-2)/(-8). What is the remainder when j - (-12)/(0 - -3) is divided by 2?
1
Suppose -33 = -3*f - j, -5*f + 0*j = -3*j - 69. Let s = 23 - f. Suppose -a + 50 = 7. Calculate the remainder when a is divided by s.
10
Let d(f) = -2*f**2 + 78*f - 67. Calculate the remainder when d(31) is divided by 88.
77
Let b = 395 - 173. Calculate the remainder when b is divided by 28.
26
Let x be 9 + -6 + (-1 - 24*1). Let r = -40 - -58. What is the remainder when -34*(x/4 + 4) is divided by r?
15
Let r(y) = y + 2. Calculate the remainder when 13 is divided by r(-1).
0
Suppose 2*k - 11 + 25 = -4*y, 5*k - 3*y - 30 = 0. Suppose 0 = p + 2*q, 4*q = -7*p + 3*p + 8. Calculate the remainder when p is divided by k.
1
Let w(t) = -5*t**3 - 2*t**2 + 1. Suppose 4*g - 20 = 0, 4*l - 4*g + 5 = -19. What is the remainder when w(l) is divided by 0/1 + (-15)/(-5)?
1
Let h be 6 + -2 + 2/2. Suppose -103 =